{"id":319,"date":"2023-03-15T13:08:55","date_gmt":"2023-03-15T12:08:55","guid":{"rendered":"https:\/\/coi.skarzysko.pl\/www\/?page_id=319"},"modified":"2023-12-18T13:10:47","modified_gmt":"2023-12-18T12:10:47","slug":"aktualnosci","status":"publish","type":"page","link":"https:\/\/coi.skarzysko.pl\/www\/index.php\/aktualnosci\/","title":{"rendered":"Aktualno\u015b\u0107i"},"content":{"rendered":"\t\t<div data-elementor-type=\"wp-page\" data-elementor-id=\"319\" class=\"elementor elementor-319\" data-elementor-post-type=\"page\">\n\t\t\t\t\t\t<section class=\"elementor-section elementor-top-section elementor-element elementor-element-3771173a elementor-section-height-min-height elementor-section-boxed elementor-section-height-default elementor-section-items-middle\" data-id=\"3771173a\" data-element_type=\"section\" data-settings=\"{&quot;background_background&quot;:&quot;classic&quot;}\">\n\t\t\t\t\t\t\t<div class=\"elementor-background-overlay\"><\/div>\n\t\t\t\t\t\t\t<div class=\"elementor-container elementor-column-gap-default\">\n\t\t\t\t\t<div class=\"elementor-column elementor-col-100 elementor-top-column elementor-element elementor-element-2b7a60a2 elementor-invisible\" data-id=\"2b7a60a2\" data-element_type=\"column\" data-settings=\"{&quot;background_background&quot;:&quot;classic&quot;,&quot;animation&quot;:&quot;fadeInUp&quot;}\">\n\t\t\t<div class=\"elementor-widget-wrap elementor-element-populated\">\n\t\t\t\t\t\t<div class=\"elementor-element elementor-element-7619898b elementor-widget elementor-widget-heading\" data-id=\"7619898b\" data-element_type=\"widget\" data-widget_type=\"heading.default\">\n\t\t\t\t<div class=\"elementor-widget-container\">\n\t\t\t<style>\/*! elementor - v3.22.0 - 17-06-2024 *\/\n.elementor-heading-title{padding:0;margin:0;line-height:1}.elementor-widget-heading .elementor-heading-title[class*=elementor-size-]>a{color:inherit;font-size:inherit;line-height:inherit}.elementor-widget-heading .elementor-heading-title.elementor-size-small{font-size:15px}.elementor-widget-heading .elementor-heading-title.elementor-size-medium{font-size:19px}.elementor-widget-heading .elementor-heading-title.elementor-size-large{font-size:29px}.elementor-widget-heading .elementor-heading-title.elementor-size-xl{font-size:39px}.elementor-widget-heading .elementor-heading-title.elementor-size-xxl{font-size:59px}<\/style><h1 class=\"elementor-heading-title elementor-size-default\">Aktualno\u015b\u0107i<\/h1>\t\t<\/div>\n\t\t\t\t<\/div>\n\t\t\t\t<div class=\"elementor-element elementor-element-28ae969 elementor-widget elementor-widget-heading\" data-id=\"28ae969\" data-element_type=\"widget\" data-widget_type=\"heading.default\">\n\t\t\t\t<div class=\"elementor-widget-container\">\n\t\t\t<h5 class=\"elementor-heading-title elementor-size-default\">B\u0105d\u017a na bie\u017c\u0105co z informacjami<\/h5>\t\t<\/div>\n\t\t\t\t<\/div>\n\t\t\t\t\t<\/div>\n\t\t<\/div>\n\t\t\t\t\t<\/div>\n\t\t<\/section>\n\t\t\t\t<section class=\"elementor-section elementor-top-section elementor-element elementor-element-4eb3303a elementor-section-boxed elementor-section-height-default elementor-section-height-default\" data-id=\"4eb3303a\" data-element_type=\"section\">\n\t\t\t\t\t\t<div class=\"elementor-container elementor-column-gap-default\">\n\t\t\t\t\t<div class=\"elementor-column elementor-col-100 elementor-top-column elementor-element elementor-element-efc6d9 elementor-invisible\" data-id=\"efc6d9\" data-element_type=\"column\" data-settings=\"{&quot;animation&quot;:&quot;fadeInLeft&quot;}\">\n\t\t\t<div class=\"elementor-widget-wrap elementor-element-populated\">\n\t\t\t\t\t\t<div class=\"elementor-element elementor-element-26a2706f elementor-search-form--skin-classic elementor-search-form--button-type-icon elementor-search-form--icon-search elementor-invisible elementor-widget elementor-widget-search-form\" data-id=\"26a2706f\" data-element_type=\"widget\" data-settings=\"{&quot;_animation&quot;:&quot;fadeInUp&quot;,&quot;skin&quot;:&quot;classic&quot;}\" data-widget_type=\"search-form.default\">\n\t\t\t\t<div class=\"elementor-widget-container\">\n\t\t\t<link rel=\"stylesheet\" href=\"https:\/\/coi.skarzysko.pl\/www\/wp-content\/plugins\/elementor-pro\/assets\/css\/widget-theme-elements.min.css\">\t\t<search role=\"search\">\n\t\t\t<form class=\"elementor-search-form\" action=\"https:\/\/coi.skarzysko.pl\/www\" method=\"get\">\n\t\t\t\t\t\t\t\t\t\t\t\t<div class=\"elementor-search-form__container\">\n\t\t\t\t\t<label class=\"elementor-screen-only\" for=\"elementor-search-form-26a2706f\">Szukaj<\/label>\n\n\t\t\t\t\t\n\t\t\t\t\t<input id=\"elementor-search-form-26a2706f\" placeholder=\"Szukaj...\" class=\"elementor-search-form__input\" type=\"search\" name=\"s\" value=\"\">\n\t\t\t\t\t\n\t\t\t\t\t\t\t\t\t\t\t<button class=\"elementor-search-form__submit\" type=\"submit\" aria-label=\"Szukaj\">\n\t\t\t\t\t\t\t\t\t\t\t\t\t\t\t<i aria-hidden=\"true\" class=\"fas fa-search\"><\/i>\t\t\t\t\t\t\t\t<span class=\"elementor-screen-only\">Szukaj<\/span>\n\t\t\t\t\t\t\t\t\t\t\t\t\t<\/button>\n\t\t\t\t\t\n\t\t\t\t\t\t\t\t\t<\/div>\n\t\t\t<\/form>\n\t\t<\/search>\n\t\t\t\t<\/div>\n\t\t\t\t<\/div>\n\t\t\t\t<div class=\"elementor-element elementor-element-76ab1ced elementor-grid-3 elementor-grid-tablet-2 elementor-grid-mobile-1 elementor-posts--thumbnail-top elementor-card-shadow-yes elementor-posts__hover-gradient elementor-widget elementor-widget-posts\" data-id=\"76ab1ced\" data-element_type=\"widget\" data-settings=\"{&quot;cards_row_gap&quot;:{&quot;unit&quot;:&quot;px&quot;,&quot;size&quot;:20,&quot;sizes&quot;:[]},&quot;cards_columns&quot;:&quot;3&quot;,&quot;cards_columns_tablet&quot;:&quot;2&quot;,&quot;cards_columns_mobile&quot;:&quot;1&quot;,&quot;cards_row_gap_tablet&quot;:{&quot;unit&quot;:&quot;px&quot;,&quot;size&quot;:&quot;&quot;,&quot;sizes&quot;:[]},&quot;cards_row_gap_mobile&quot;:{&quot;unit&quot;:&quot;px&quot;,&quot;size&quot;:&quot;&quot;,&quot;sizes&quot;:[]}}\" data-widget_type=\"posts.cards\">\n\t\t\t\t<div class=\"elementor-widget-container\">\n\t\t\t<link rel=\"stylesheet\" href=\"https:\/\/coi.skarzysko.pl\/www\/wp-content\/plugins\/elementor-pro\/assets\/css\/widget-posts.min.css\">\t\t<div class=\"elementor-posts-container elementor-posts elementor-posts--skin-cards elementor-grid\">\n\t\t\t\t<article class=\"elementor-post elementor-grid-item post-1701 post type-post status-publish format-standard has-post-thumbnail hentry category-aktualnosci tag-zyczenia\">\n\t\t\t<div class=\"elementor-post__card\">\n\t\t\t\t<a class=\"elementor-post__thumbnail__link\" href=\"https:\/\/coi.skarzysko.pl\/www\/index.php\/2024\/12\/23\/zyczenia-swiateczne-2\/\" tabindex=\"-1\" ><div class=\"elementor-post__thumbnail\"><img fetchpriority=\"high\" decoding=\"async\" width=\"1500\" height=\"1500\" src=\"https:\/\/coi.skarzysko.pl\/www\/wp-content\/uploads\/2024\/12\/Green-and-Red-Watercolor-Christmas-Greeting-Card.png\" class=\"attachment-full size-full wp-image-1702\" alt=\"\" srcset=\"https:\/\/coi.skarzysko.pl\/www\/wp-content\/uploads\/2024\/12\/Green-and-Red-Watercolor-Christmas-Greeting-Card.png 1500w, https:\/\/coi.skarzysko.pl\/www\/wp-content\/uploads\/2024\/12\/Green-and-Red-Watercolor-Christmas-Greeting-Card-300x300.png 300w, https:\/\/coi.skarzysko.pl\/www\/wp-content\/uploads\/2024\/12\/Green-and-Red-Watercolor-Christmas-Greeting-Card-1024x1024.png 1024w, https:\/\/coi.skarzysko.pl\/www\/wp-content\/uploads\/2024\/12\/Green-and-Red-Watercolor-Christmas-Greeting-Card-150x150.png 150w, https:\/\/coi.skarzysko.pl\/www\/wp-content\/uploads\/2024\/12\/Green-and-Red-Watercolor-Christmas-Greeting-Card-768x768.png 768w\" sizes=\"(max-width: 1500px) 100vw, 1500px\" \/><\/div><\/a>\n\t\t\t\t<div class=\"elementor-post__badge\">Aktualno\u015bci<\/div>\n\t\t\t\t<div class=\"elementor-post__text\">\n\t\t\t\t<h3 class=\"elementor-post__title\">\n\t\t\t<a href=\"https:\/\/coi.skarzysko.pl\/www\/index.php\/2024\/12\/23\/zyczenia-swiateczne-2\/\" >\n\t\t\t\t\u017byczenia \u015awi\u0105teczne\t\t\t<\/a>\n\t\t<\/h3>\n\t\t\t\t<div class=\"elementor-post__excerpt\">\n\t\t\t\t\t<\/div>\n\t\t\n\t\t<a class=\"elementor-post__read-more\" href=\"https:\/\/coi.skarzysko.pl\/www\/index.php\/2024\/12\/23\/zyczenia-swiateczne-2\/\" aria-label=\"Read more about \u017byczenia \u015awi\u0105teczne\" tabindex=\"-1\" >\n\t\t\tPrzeczytaj wi\u0119cej\t\t<\/a>\n\n\t\t\t\t<\/div>\n\t\t\t\t\t<\/div>\n\t\t<\/article>\n\t\t\t\t<article class=\"elementor-post elementor-grid-item post-1695 post type-post status-publish format-standard hentry category-aktualnosci tag-misje-gospodarcze tag-msp tag-projekt tag-przedsiebiorca tag-trojmiasto-nad-kamienna tag-um\">\n\t\t\t<div class=\"elementor-post__card\">\n\t\t\t\t<div class=\"elementor-post__text\">\n\t\t\t\t<h3 class=\"elementor-post__title\">\n\t\t\t<a href=\"https:\/\/coi.skarzysko.pl\/www\/index.php\/2024\/12\/11\/trojmiasto-nad-kamienna-prosba-do-przedsiebiorcow-o-wypelnienie-ankiety\/\" >\n\t\t\t\tTr\u00f3jmiasto nad Kamienn\u0105 &#8211; nowy projekt dla M\u015aP &#8211; pro\u015bba do przedsi\u0119biorc\u00f3w o wype\u0142nienie ankiety\t\t\t<\/a>\n\t\t<\/h3>\n\t\t\t\t<div class=\"elementor-post__excerpt\">\n\t\t\t<p>Artyku\u0142 przeczytasz w 1 minut\u0119. Gmina Skar\u017cysko-Kamienna wraz z Partnerami \u2013 Gmin\u0105 Starachowice oraz Ostrowcem \u015awi\u0119tokrzyskim rozpocz\u0119\u0142a prace nad podj\u0119ciem dzia\u0142a\u0144, kt\u00f3rych celem jest o\u017cywienie gospodarcze Obszaru Funkcjonalnego ,,Tr\u00f3jmiasto nad Kamienn\u0105\u2019\u2019. Propozycja, z kt\u00f3r\u0105 chcemy wyj\u015b\u0107, to organizacja Regionalnych Misji Gospodarczych (RMG). RMG, w za\u0142o\u017ceniu, maj\u0105 by\u0107 miejscem spotka\u0144 handlowych.<\/p>\n\t\t<\/div>\n\t\t\n\t\t<a class=\"elementor-post__read-more\" href=\"https:\/\/coi.skarzysko.pl\/www\/index.php\/2024\/12\/11\/trojmiasto-nad-kamienna-prosba-do-przedsiebiorcow-o-wypelnienie-ankiety\/\" aria-label=\"Read more about Tr\u00f3jmiasto nad Kamienn\u0105 &#8211; nowy projekt dla M\u015aP &#8211; pro\u015bba do przedsi\u0119biorc\u00f3w o wype\u0142nienie ankiety\" tabindex=\"-1\" >\n\t\t\tPrzeczytaj wi\u0119cej\t\t<\/a>\n\n\t\t\t\t<\/div>\n\t\t\t\t\t<\/div>\n\t\t<\/article>\n\t\t\t\t<article class=\"elementor-post elementor-grid-item post-1671 post type-post status-publish format-standard hentry category-aktualnosci\">\n\t\t\t<div class=\"elementor-post__card\">\n\t\t\t\t<div class=\"elementor-post__text\">\n\t\t\t\t<h3 class=\"elementor-post__title\">\n\t\t\t<a href=\"https:\/\/coi.skarzysko.pl\/www\/index.php\/2024\/11\/28\/informacja-w-sprawie-likwidacji-jednostki-centrum-obslugi-inwestora-w-skarzysku-kamiennej\/\" >\n\t\t\t\tInformacja w sprawie likwidacji jednostki Centrum Obs\u0142ugi Inwestora w Skar\u017cysku-Kamiennej\t\t\t<\/a>\n\t\t<\/h3>\n\t\t\t\t<div class=\"elementor-post__excerpt\">\n\t\t\t<p>Artyku\u0142 przeczytasz w 1 minut\u0119. Informujemy, i\u017c Rada Miasta Skar\u017cyska-Kamiennej podj\u0119\u0142a uchwa\u0142\u0119 nr IV\/45\/2024 w sprawie likwidacji jednostki organizacyjnej pod nazw\u0105 Centrum Obs\u0142ugi Inwestora w Skar\u017cysku \u2013 Kamiennej, wyznaczaj\u0105c koniec okresu likwidacji na dzie\u0144 31 grudnia 2024r. Po tym okresie dotychczasowe zadania likwidowanej jednostki przejmuje Urz\u0105d Miasta w Skar\u017cysku &#8211;<\/p>\n\t\t<\/div>\n\t\t\n\t\t<a class=\"elementor-post__read-more\" href=\"https:\/\/coi.skarzysko.pl\/www\/index.php\/2024\/11\/28\/informacja-w-sprawie-likwidacji-jednostki-centrum-obslugi-inwestora-w-skarzysku-kamiennej\/\" aria-label=\"Read more about Informacja w sprawie likwidacji jednostki Centrum Obs\u0142ugi Inwestora w Skar\u017cysku-Kamiennej\" tabindex=\"-1\" >\n\t\t\tPrzeczytaj wi\u0119cej\t\t<\/a>\n\n\t\t\t\t<\/div>\n\t\t\t\t\t<\/div>\n\t\t<\/article>\n\t\t\t\t<article class=\"elementor-post elementor-grid-item post-1640 post type-post status-publish format-standard has-post-thumbnail hentry category-aktualnosci tag-inkubacja tag-inkubator tag-msp tag-nabor tag-sip-biura tag-start tag-start-up\">\n\t\t\t<div class=\"elementor-post__card\">\n\t\t\t\t<a class=\"elementor-post__thumbnail__link\" href=\"https:\/\/coi.skarzysko.pl\/www\/index.php\/2024\/11\/19\/nabor-do-skarzyskiego-inkubatora-przedsiebiorczosci-2\/\" tabindex=\"-1\" ><div class=\"elementor-post__thumbnail\"><img decoding=\"async\" width=\"1200\" height=\"628\" src=\"https:\/\/coi.skarzysko.pl\/www\/wp-content\/uploads\/2024\/09\/SIP.png\" class=\"attachment-full size-full wp-image-1577\" alt=\"\" srcset=\"https:\/\/coi.skarzysko.pl\/www\/wp-content\/uploads\/2024\/09\/SIP.png 1200w, https:\/\/coi.skarzysko.pl\/www\/wp-content\/uploads\/2024\/09\/SIP-300x157.png 300w, https:\/\/coi.skarzysko.pl\/www\/wp-content\/uploads\/2024\/09\/SIP-1024x536.png 1024w, https:\/\/coi.skarzysko.pl\/www\/wp-content\/uploads\/2024\/09\/SIP-768x402.png 768w\" sizes=\"(max-width: 1200px) 100vw, 1200px\" \/><\/div><\/a>\n\t\t\t\t<div class=\"elementor-post__badge\">Aktualno\u015bci<\/div>\n\t\t\t\t<div class=\"elementor-post__text\">\n\t\t\t\t<h3 class=\"elementor-post__title\">\n\t\t\t<a href=\"https:\/\/coi.skarzysko.pl\/www\/index.php\/2024\/11\/19\/nabor-do-skarzyskiego-inkubatora-przedsiebiorczosci-2\/\" >\n\t\t\t\tNab\u00f3r do Skar\u017cyskiego Inkubatora Przedsi\u0119biorczo\u015bci\t\t\t<\/a>\n\t\t<\/h3>\n\t\t\t\t<div class=\"elementor-post__excerpt\">\n\t\t\t<p>&nbsp; Artyku\u0142 przeczytasz w 1 minut\u0119. Informujemy, \u017ce w Skar\u017cyskim Inkubatorze Przedsi\u0119biorczo\u015bci zwalnia si\u0119 powierzchnia biurowa. Zainteresowane osoby planuj\u0105ce za\u0142o\u017cenie dzia\u0142alno\u015bci gospodarczej w najbli\u017cszym czasie oraz podmioty dzia\u0142aj\u0105ce na rynku nie d\u0142u\u017cej ni\u017c 2 lata zach\u0119camy do z\u0142o\u017cenia aplikacji. Formularz aplikacyjny dost\u0119pny jest TUTAJ&gt;&gt;.Wype\u0142niony formularz nale\u017cy z\u0142o\u017cy\u0107 w siedzibie COI<\/p>\n\t\t<\/div>\n\t\t\n\t\t<a class=\"elementor-post__read-more\" href=\"https:\/\/coi.skarzysko.pl\/www\/index.php\/2024\/11\/19\/nabor-do-skarzyskiego-inkubatora-przedsiebiorczosci-2\/\" aria-label=\"Read more about Nab\u00f3r do Skar\u017cyskiego Inkubatora Przedsi\u0119biorczo\u015bci\" tabindex=\"-1\" >\n\t\t\tPrzeczytaj wi\u0119cej\t\t<\/a>\n\n\t\t\t\t<\/div>\n\t\t\t\t\t<\/div>\n\t\t<\/article>\n\t\t\t\t<article class=\"elementor-post elementor-grid-item post-1661 post type-post status-publish format-standard hentry category-aktualnosci tag-dyzur tag-fe tag-konsultacje tag-msp tag-program-regionalny-fundusze-dla-swietokrzyskiego tag-stp\">\n\t\t\t<div class=\"elementor-post__card\">\n\t\t\t\t<div class=\"elementor-post__text\">\n\t\t\t\t<h3 class=\"elementor-post__title\">\n\t\t\t<a href=\"https:\/\/coi.skarzysko.pl\/www\/index.php\/2024\/11\/05\/konsultacje-dla-przedsiebiorcow-w-ramach-swiatowego-tygodnia-przedsiebiorczosci\/\" >\n\t\t\t\tKonsultacje dla przedsi\u0119biorc\u00f3w w ramach \u015awiatowego Tygodnia Przedsi\u0119biorczo\u015bci, 22.11, siedziba COI\t\t\t<\/a>\n\t\t<\/h3>\n\t\t\t\t<div class=\"elementor-post__excerpt\">\n\t\t\t<p>Artyku\u0142 przeczytasz w mniej ni\u017c 1 minut\u0119. Informujemy, \u017ce 22.11 w godzinach 9.00-11.30 w siedzibie Centrum Obs\u0142ugi Inwestora w Skar\u017cysku-Kamiennej odb\u0119dzie si\u0119 dy\u017cur specjalisty, w ramach kt\u00f3rego przedsi\u0119biorcy z terenu Gminy Skar\u017cysko-Kamienna b\u0119d\u0105 mogli skorzysta\u0107 z bezp\u0142atnych konsultacji na temat bie\u017c\u0105cego wsparcia w ramach Programu Regionalnego Fundusze dla \u015awi\u0119tokrzyskiego 2021-2027.<\/p>\n\t\t<\/div>\n\t\t\n\t\t<a class=\"elementor-post__read-more\" href=\"https:\/\/coi.skarzysko.pl\/www\/index.php\/2024\/11\/05\/konsultacje-dla-przedsiebiorcow-w-ramach-swiatowego-tygodnia-przedsiebiorczosci\/\" aria-label=\"Read more about Konsultacje dla przedsi\u0119biorc\u00f3w w ramach \u015awiatowego Tygodnia Przedsi\u0119biorczo\u015bci, 22.11, siedziba COI\" tabindex=\"-1\" >\n\t\t\tPrzeczytaj wi\u0119cej\t\t<\/a>\n\n\t\t\t\t<\/div>\n\t\t\t\t\t<\/div>\n\t\t<\/article>\n\t\t\t\t<article class=\"elementor-post elementor-grid-item post-1656 post type-post status-publish format-standard has-post-thumbnail hentry category-aktualnosci tag-msp tag-private-label tag-sektor-prywatny tag-targi tag-targi-kielce\">\n\t\t\t<div class=\"elementor-post__card\">\n\t\t\t\t<a class=\"elementor-post__thumbnail__link\" href=\"https:\/\/coi.skarzysko.pl\/www\/index.php\/2024\/11\/04\/targi-future-private-labels-w-targach-kielce\/\" tabindex=\"-1\" ><div class=\"elementor-post__thumbnail\"><img decoding=\"async\" width=\"1368\" height=\"580\" src=\"https:\/\/coi.skarzysko.pl\/www\/wp-content\/uploads\/2024\/11\/future-private-labels-baner-glowny.png\" class=\"attachment-full size-full wp-image-1657\" alt=\"\" srcset=\"https:\/\/coi.skarzysko.pl\/www\/wp-content\/uploads\/2024\/11\/future-private-labels-baner-glowny.png 1368w, https:\/\/coi.skarzysko.pl\/www\/wp-content\/uploads\/2024\/11\/future-private-labels-baner-glowny-300x127.png 300w, https:\/\/coi.skarzysko.pl\/www\/wp-content\/uploads\/2024\/11\/future-private-labels-baner-glowny-1024x434.png 1024w, https:\/\/coi.skarzysko.pl\/www\/wp-content\/uploads\/2024\/11\/future-private-labels-baner-glowny-768x326.png 768w\" sizes=\"(max-width: 1368px) 100vw, 1368px\" \/><\/div><\/a>\n\t\t\t\t<div class=\"elementor-post__badge\">Aktualno\u015bci<\/div>\n\t\t\t\t<div class=\"elementor-post__text\">\n\t\t\t\t<h3 class=\"elementor-post__title\">\n\t\t\t<a href=\"https:\/\/coi.skarzysko.pl\/www\/index.php\/2024\/11\/04\/targi-future-private-labels-w-targach-kielce\/\" >\n\t\t\t\tTargi Future Private Labels w Targach Kielce\t\t\t<\/a>\n\t\t<\/h3>\n\t\t\t\t<div class=\"elementor-post__excerpt\">\n\t\t\t<p>Artyku\u0142 przeczytasz w 1 minut\u0119. Producenci z Polski i zagranicy zaprezentuj\u0105 kolejny raz w Targach Kielce r\u00f3\u017cnorodn\u0105 ofert\u0119 artyku\u0142\u00f3w dla rynku private label. W jednym miejscu i jednym czasie przedstawicieli polskich i mi\u0119dzynarodowych sieci handlowych z Europy, Azji i P\u00f3\u0142nocnej Afryki, poszukuj\u0105cych unikatowych produkt\u00f3w marek w\u0142asnych. Prezentowane b\u0119d\u0105 to m.in.<\/p>\n\t\t<\/div>\n\t\t\n\t\t<a class=\"elementor-post__read-more\" href=\"https:\/\/coi.skarzysko.pl\/www\/index.php\/2024\/11\/04\/targi-future-private-labels-w-targach-kielce\/\" aria-label=\"Read more about Targi Future Private Labels w Targach Kielce\" tabindex=\"-1\" >\n\t\t\tPrzeczytaj wi\u0119cej\t\t<\/a>\n\n\t\t\t\t<\/div>\n\t\t\t\t\t<\/div>\n\t\t<\/article>\n\t\t\t\t<\/div>\n\t\t\n\t\t\t\t<\/div>\n\t\t\t\t<\/div>\n\t\t\t\t\t<\/div>\n\t\t<\/div>\n\t\t\t\t\t<\/div>\n\t\t<\/section>\n\t\t\t\t<\/div>\n\t\t","protected":false},"excerpt":{"rendered":"<p>B\u0105d\u017a na bie\u017c\u0105co z informacjami<\/p>\n","protected":false},"author":1,"featured_media":0,"parent":0,"menu_order":0,"comment_status":"closed","ping_status":"closed","template":"","meta":{"footnotes":""},"class_list":["post-319","page","type-page","status-publish","hentry"],"_links":{"self":[{"href":"https:\/\/coi.skarzysko.pl\/www\/index.php\/wp-json\/wp\/v2\/pages\/319","targetHints":{"allow":["GET"]}}],"collection":[{"href":"https:\/\/coi.skarzysko.pl\/www\/index.php\/wp-json\/wp\/v2\/pages"}],"about":[{"href":"https:\/\/coi.skarzysko.pl\/www\/index.php\/wp-json\/wp\/v2\/types\/page"}],"author":[{"embeddable":true,"href":"https:\/\/coi.skarzysko.pl\/www\/index.php\/wp-json\/wp\/v2\/users\/1"}],"replies":[{"embeddable":true,"href":"https:\/\/coi.skarzysko.pl\/www\/index.php\/wp-json\/wp\/v2\/comments?post=319"}],"version-history":[{"count":43,"href":"https:\/\/coi.skarzysko.pl\/www\/index.php\/wp-json\/wp\/v2\/pages\/319\/revisions"}],"predecessor-version":[{"id":970,"href":"https:\/\/coi.skarzysko.pl\/www\/index.php\/wp-json\/wp\/v2\/pages\/319\/revisions\/970"}],"wp:attachment":[{"href":"https:\/\/coi.skarzysko.pl\/www\/index.php\/wp-json\/wp\/v2\/media?parent=319"}],"curies":[{"name":"wp","href":"https:\/\/api.w.org\/{rel}","templated":true}]}}